{"id":817,"date":"2025-12-05T17:46:02","date_gmt":"2025-12-05T16:46:02","guid":{"rendered":"https:\/\/loanetfabrice.com\/?page_id=817"},"modified":"2026-04-06T14:42:19","modified_gmt":"2026-04-06T12:42:19","slug":"agenda-des-activites","status":"publish","type":"page","link":"https:\/\/loanetfabrice.com\/index.php\/agenda-des-activites\/","title":{"rendered":"Agenda des activit\u00e9s"},"content":{"rendered":"\n<p>L&rsquo;agenda de nos activit\u00e9s pour 2026 se construit avec vous et vos envies. Si vous \u00eates int\u00e9ress\u00e9 par une th\u00e9matique \u00ab\u00a0weekends \u00e0 la carte\u00a0\u00bb et que vous avez la possibilit\u00e9 de rassembler un groupe, nous serons enchant\u00e9s de nous d\u00e9placer pour organiser ce stage avec vous. <\/p><\/p>\n\n\n\n<p>Contactez-nous \u00e0 : <span style=\"text-decoration: underline;\">loanetfabrice@protonmail.com<\/span><\/p>\n\n\n\n<div class=\"wp-block-group alignfull is-layout-constrained wp-container-core-group-is-layout-4b87db4f wp-block-group-is-layout-constrained\" style=\"margin-top:0px;margin-bottom:0px;padding-top:64px;padding-bottom:64px\">\n<div class=\"wp-block-columns alignwide is-layout-flex wp-container-core-columns-is-layout-13e2ef3f wp-block-columns-is-layout-flex\">\n<div class=\"wp-block-column has-ti-bg-alt-background-color has-background is-layout-flow wp-block-column-is-layout-flow\" style=\"border-width:2px;padding-top:24px;padding-right:24px;padding-bottom:24px;padding-left:24px\">\n<figure class=\"wp-block-image aligncenter size-full is-resized is-style-default\"><a href=\"https:\/\/loanetfabrice.com\/index.php\/salon-feel-good\/\"><img loading=\"lazy\" decoding=\"async\" width=\"940\" height=\"1093\" src=\"https:\/\/loanetfabrice.com\/wp-content\/uploads\/2026\/01\/Affiche-feel-good-copie.jpg\" alt=\"\" class=\"wp-image-859\" style=\"aspect-ratio:0.7656644667155544;width:158px;height:auto\" srcset=\"https:\/\/loanetfabrice.com\/wp-content\/uploads\/2026\/01\/Affiche-feel-good-copie.jpg 940w, https:\/\/loanetfabrice.com\/wp-content\/uploads\/2026\/01\/Affiche-feel-good-copie-258x300.jpg 258w, https:\/\/loanetfabrice.com\/wp-content\/uploads\/2026\/01\/Affiche-feel-good-copie-881x1024.jpg 881w, https:\/\/loanetfabrice.com\/wp-content\/uploads\/2026\/01\/Affiche-feel-good-copie-768x893.jpg 768w\" sizes=\"auto, (max-width: 940px) 100vw, 940px\" \/><\/a><\/figure>\n\n\n\n<p><span style=\"text-decoration: underline;\">Weekend des 20-21-22 f\u00e9vrier 2026<\/span> &#8211; <strong>Salon FEEL GOOD<\/strong> <\/p>\n\n\n\n<p>Pr\u00e8s de Li\u00e8ge en Belgique<\/p>\n<\/div>\n\n\n\n<div class=\"wp-block-column has-ti-bg-alt-background-color has-background is-layout-flow wp-block-column-is-layout-flow\" style=\"border-width:2px;padding-top:24px;padding-right:24px;padding-bottom:24px;padding-left:24px\">\n<figure class=\"wp-block-image aligncenter size-full is-resized is-style-default\"><a href=\"https:\/\/loanetfabrice.com\/index.php\/incarner-sa-vraie-nature\/\"><img loading=\"lazy\" decoding=\"async\" width=\"472\" height=\"619\" src=\"http:\/\/loanetfabrice.com\/wp-content\/uploads\/2023\/08\/ISVN-20.jpg\" alt=\"\" class=\"wp-image-107\" style=\"aspect-ratio:0.7625268795390919;width:159px;height:auto\" srcset=\"https:\/\/loanetfabrice.com\/wp-content\/uploads\/2023\/08\/ISVN-20.jpg 472w, https:\/\/loanetfabrice.com\/wp-content\/uploads\/2023\/08\/ISVN-20-229x300.jpg 229w\" sizes=\"auto, (max-width: 472px) 100vw, 472px\" \/><\/a><\/figure>\n\n\n\n<p><span style=\"text-decoration: underline;\">Du mardi 05 mai au samedi 10 mai 2026<\/span> &#8211; <strong>5 jours<\/strong> <\/p>\n\n\n\n<p> En Ard\u00e8che<\/p>\n<\/div>\n\n\n\n<div class=\"wp-block-column has-ti-bg-alt-background-color has-background is-layout-flow wp-block-column-is-layout-flow\" style=\"border-width:2px;padding-top:24px;padding-right:24px;padding-bottom:24px;padding-left:24px\">\n<figure class=\"wp-block-image aligncenter size-full is-resized is-style-default\"><a href=\"https:\/\/loanetfabrice.com\/index.php\/eveil-spirituel\/\"><img loading=\"lazy\" decoding=\"async\" width=\"1900\" height=\"2560\" src=\"http:\/\/loanetfabrice.com\/wp-content\/uploads\/2025\/12\/Eveil-spirituel-ok-2-scaled.jpg\" alt=\"\" class=\"wp-image-775\" style=\"aspect-ratio:0.7625268795390919;width:159px;height:auto\" srcset=\"https:\/\/loanetfabrice.com\/wp-content\/uploads\/2025\/12\/Eveil-spirituel-ok-2-scaled.jpg 1900w, https:\/\/loanetfabrice.com\/wp-content\/uploads\/2025\/12\/Eveil-spirituel-ok-2-223x300.jpg 223w, https:\/\/loanetfabrice.com\/wp-content\/uploads\/2025\/12\/Eveil-spirituel-ok-2-760x1024.jpg 760w, https:\/\/loanetfabrice.com\/wp-content\/uploads\/2025\/12\/Eveil-spirituel-ok-2-768x1035.jpg 768w, https:\/\/loanetfabrice.com\/wp-content\/uploads\/2025\/12\/Eveil-spirituel-ok-2-1140x1536.jpg 1140w, https:\/\/loanetfabrice.com\/wp-content\/uploads\/2025\/12\/Eveil-spirituel-ok-2-1520x2048.jpg 1520w\" sizes=\"auto, (max-width: 1900px) 100vw, 1900px\" \/><\/a><\/figure>\n\n\n\n<p class=\"has-text-align-left\"><span style=\"text-decoration: underline;\">Weekend des 04 et 05 juillet 2026<\/span> &#8211;                  <strong>2 jours<\/strong><\/p>\n\n\n\n<p class=\"has-text-align-left\">Pr\u00e8s de Gap <\/p>\n<\/div>\n<\/div>\n<\/div>\n\n\n<p><!-- Google Tag Manager --><br \/><script>(function(w,d,s,l,i){w[l]=w[l]||[];w[l].push({'gtm.start':<br \/>\nnew Date().getTime(),event:'gtm.js'});var f=d.getElementsByTagName(s)[0],<br \/>\nj=d.createElement(s),dl=l!='dataLayer'?'&l='+l:'';j.async=true;j.src=<br \/>\n'https:\/\/www.googletagmanager.com\/gtm.js?id='+i+dl;f.parentNode.insertBefore(j,f);<br \/>\n})(window,document,'script','dataLayer','GTM-PMTRV76S');<\/script><br \/><!-- End Google Tag Manager --><\/p>\n\n\n<p><!-- Google Tag Manager (noscript) -->\n<noscript><iframe loading=\"lazy\" src=\"https:\/\/www.googletagmanager.com\/ns.html?id=GTM-PMTRV76S\" height=\"0\" width=\"0\" style=\"display:none;visibility:hidden\"><\/iframe><\/noscript>\n<!-- End Google Tag Manager (noscript) -->\n\n\n\n<p><\/p>\n","protected":false},"excerpt":{"rendered":"<p>L&rsquo;agenda de nos activit\u00e9s pour 2026 se construit avec vous et vos envies. Si vous \u00eates int\u00e9ress\u00e9 par une th\u00e9matique \u00ab\u00a0weekends \u00e0 la carte\u00a0\u00bb et que vous avez la possibilit\u00e9 de rassembler un groupe, nous serons enchant\u00e9s de nous d\u00e9placer pour organiser ce stage avec vous. Contactez-nous \u00e0 : loanetfabrice@protonmail.com Weekend des 20-21-22 f\u00e9vrier 2026 [&hellip;]<\/p>\n","protected":false},"author":1,"featured_media":0,"parent":0,"menu_order":0,"comment_status":"closed","ping_status":"closed","template":"","meta":{"footnotes":""},"class_list":["post-817","page","type-page","status-publish","hentry"],"_links":{"self":[{"href":"https:\/\/loanetfabrice.com\/index.php\/wp-json\/wp\/v2\/pages\/817","targetHints":{"allow":["GET"]}}],"collection":[{"href":"https:\/\/loanetfabrice.com\/index.php\/wp-json\/wp\/v2\/pages"}],"about":[{"href":"https:\/\/loanetfabrice.com\/index.php\/wp-json\/wp\/v2\/types\/page"}],"author":[{"embeddable":true,"href":"https:\/\/loanetfabrice.com\/index.php\/wp-json\/wp\/v2\/users\/1"}],"replies":[{"embeddable":true,"href":"https:\/\/loanetfabrice.com\/index.php\/wp-json\/wp\/v2\/comments?post=817"}],"version-history":[{"count":12,"href":"https:\/\/loanetfabrice.com\/index.php\/wp-json\/wp\/v2\/pages\/817\/revisions"}],"predecessor-version":[{"id":1063,"href":"https:\/\/loanetfabrice.com\/index.php\/wp-json\/wp\/v2\/pages\/817\/revisions\/1063"}],"wp:attachment":[{"href":"https:\/\/loanetfabrice.com\/index.php\/wp-json\/wp\/v2\/media?parent=817"}],"curies":[{"name":"wp","href":"https:\/\/api.w.org\/{rel}","templated":true}]}}