{"id":356,"date":"2023-10-16T12:52:16","date_gmt":"2023-10-16T10:52:16","guid":{"rendered":"https:\/\/loanetfabrice.com\/?page_id=356"},"modified":"2026-04-10T17:55:49","modified_gmt":"2026-04-10T15:55:49","slug":"loan-et-fabrice","status":"publish","type":"page","link":"https:\/\/loanetfabrice.com\/index.php\/loan-et-fabrice\/","title":{"rendered":"Loan &#038; Fabrice"},"content":{"rendered":"\n<div class=\"wp-block-columns is-layout-flex wp-container-core-columns-is-layout-28f84493 wp-block-columns-is-layout-flex\">\n<div class=\"wp-block-column is-layout-flow wp-block-column-is-layout-flow\" style=\"flex-basis:100%\">\n<div class=\"wp-block-group is-layout-constrained wp-block-group-is-layout-constrained\">\n<figure class=\"wp-block-gallery aligncenter has-nested-images columns-default is-cropped wp-block-gallery-1 is-layout-flex wp-block-gallery-is-layout-flex\">\n<figure class=\"wp-block-image aligncenter size-full\"><img loading=\"lazy\" decoding=\"async\" width=\"2478\" height=\"1650\" data-id=\"1110\" src=\"https:\/\/loanetfabrice.com\/wp-content\/uploads\/2026\/04\/Nous-Bodh-ok.jpg\" alt=\"\" class=\"wp-image-1110\" srcset=\"https:\/\/loanetfabrice.com\/wp-content\/uploads\/2026\/04\/Nous-Bodh-ok.jpg 2478w, https:\/\/loanetfabrice.com\/wp-content\/uploads\/2026\/04\/Nous-Bodh-ok-300x200.jpg 300w, https:\/\/loanetfabrice.com\/wp-content\/uploads\/2026\/04\/Nous-Bodh-ok-1024x682.jpg 1024w, https:\/\/loanetfabrice.com\/wp-content\/uploads\/2026\/04\/Nous-Bodh-ok-768x511.jpg 768w, https:\/\/loanetfabrice.com\/wp-content\/uploads\/2026\/04\/Nous-Bodh-ok-1536x1023.jpg 1536w, https:\/\/loanetfabrice.com\/wp-content\/uploads\/2026\/04\/Nous-Bodh-ok-2048x1364.jpg 2048w\" sizes=\"auto, (max-width: 2478px) 100vw, 2478px\" \/><\/figure>\n<\/figure>\n<\/div>\n<\/div>\n<\/div>\n\n\n\n<p>Le sentiment d\u2019\u00eatre diff\u00e9rents a marqu\u00e9 nos enfances et nous a accompagn\u00e9s tout au long de nos parcours respectifs. Une profonde qu\u00eate de sens et d\u2019absolu nous animait. N\u00e9e en 1975 dans un contexte hippie, Loan n&rsquo;a pourtant pas b\u00e9n\u00e9fici\u00e9e de l&rsquo;attention et de l&rsquo;\u00e9coute des adultes. Elle se souvenait de ses vies ant\u00e9rieures et explorait un monde fait de volutes color\u00e9es, d\u2019\u00eatres magiques et d\u2019animaux bavards, qu&rsquo;elle a d\u00fb garder pour elle, tel un jardin int\u00e9rieur s&rsquo;\u00e9panouissant \u00e0 l&rsquo;abri des regards. Fabrice, lui, est n\u00e9 en 1972 au c\u0153ur d&rsquo;une famille communiste absolument pas pr\u00e9par\u00e9e \u00e0 recevoir un tel enfant. Il exp\u00e9rimentait les voyages astraux, les ph\u00e9nom\u00e8nes de pr\u00e9monition et les pr\u00e9misses de sa m\u00e9diumnit\u00e9. Nos deux familles furent touch\u00e9es par la maladie, puis le handicap. La maladie mentale : la schizophr\u00e9nie, c\u00f4t\u00e9 famille de Loan, et la maladie g\u00e9n\u00e9tique : la myopathie de Steinert, c\u00f4t\u00e9 famille de Fabrice.<\/p>\n\n\n\n<p>\u00c9tonnamment, nous f\u00fbmes tous les deux \u00e9pargn\u00e9s. Grandir dans un contexte o\u00f9 la maladie \u00e9tait non seulement tr\u00e8s pr\u00e9sente, mais aussi in\u00e9luctable, a profond\u00e9ment marqu\u00e9 nos caract\u00e8res et nos choix de vie. Nous avons d\u00e9velopp\u00e9 des m\u00e9canismes de survie, dont le d\u00e9veloppement de nos capacit\u00e9s dites \u00ab extrasensorielles \u00bb fait partie. Nous avons oscill\u00e9 entre nous positionner en sauveur et fuir loin de la trag\u00e9die familiale. Loan a particip\u00e9 \u00e0 diff\u00e9rentes missions \u00e0 vocations humanitaires et de protection de la Nature, tout en se passionnant pour la peinture et la sculpture dans un \u00e9lan de transformer le grossier, le douloureux, en beaut\u00e9 lib\u00e9ratrice. Elle fit des \u00e9tudes de biologie animale, qu\u2019elle arr\u00eata consciemment car celles-ci la dirigeaient vers la vivisection et la science-business, contraires \u00e0 ses convictions. Elle retourna \u00e0 ses \u00e9lans artistiques et eut une premi\u00e8re carri\u00e8re de maquilleuse dans la mode et la publicit\u00e9 sur Paris et \u00e0 l\u2019international. Cela lui apporta beaucoup de libert\u00e9 et lui permit de voyager \u00e0 travers le monde, notamment en Asie, ainsi que d\u2019explorer sa m\u00e9diumnit\u00e9 : communication avec les d\u00e9funts et entit\u00e9s diverses, tarots, etc\u2026 Quant \u00e0 Fabrice, il explora les \u00e9tats modifi\u00e9s de conscience, en nomade de paradis artificiels. Il poussa les limites et joua avec la Vie. Il fut adepte des sensations fortes provoqu\u00e9es par la vitesse notamment. Aussi, il d\u00e9veloppa son sens de l\u2019observation et s\u2019adapta pour r\u00e9pondre aux attentes de son entourage&nbsp;jusqu\u2019\u00e0&nbsp;devenir un v\u00e9ritable cam\u00e9l\u00e9on. Il prit le costume de banquier d\u2019affaires et suivit la voie de la r\u00e9ussite sociale pour gagner en reconnaissance, qui lui apparut finalement comme vide de sens.<\/p>\n\n\n\n<p>A l\u2019\u00e2ge de 27 ans, nous f\u00fbmes bouscul\u00e9s par la Vie. Et alors que nous nous n\u2019\u00e9tions pas encore rencontr\u00e9s, nous avons tous deux chang\u00e9 de direction suite \u00e0 une exp\u00e9rience d\u2019\u00e9veil. Loan l\u2019a v\u00e9cue en Birmanie, face au grand stupa de la pagode Shwedagon \u00e0 Yangon. Soudainement, elle fut projet\u00e9e dans la Cosmos et disparut pour ne faire qu\u2019UN avec le TOUT. Elle sut alors qu\u2019elle avait atteint le point final de toute existence, sans faim, ni soif, ni sommeil\u2026 Le retour dans son corps physique fut trop brutal. Le corps a tout simplement disjonct\u00e9, entrainant une perte totale de tension musculaire et une incapacit\u00e9 \u00e0 bouger, m\u00eame un doigt. Elle dut \u00eatre alit\u00e9e et nourrie de th\u00e9 vert sucr\u00e9 \u00e0 la petite cuill\u00e8re le temps de retrouver l\u2019usage de son corps. A partir de cette exp\u00e9rience radicale, sa vie se transforma et se tourna vers l\u2019aide \u00e0 autrui \u00e0 travers les soins \u00e9nerg\u00e9tiques guid\u00e9s par sa m\u00e9diumnit\u00e9, puis vers la transmission sous la forme de stages et de livres. Elle est la cr\u00e9atrice de la m\u00e9thode <strong><span style=\"text-decoration: underline;\">Th\u00e9rapie Globale Sacr\u00e9e<\/span><\/strong>, qu&rsquo;elle pratique depuis plus de 20 ans. Aussi, elle a particip\u00e9 \u00e0 diff\u00e9rents ouvrages, dont le best-seller \u00ab\u00a0Le test\u00a0\u00bb de St\u00e9phane Allix, o\u00f9 elle fait partie des 6 m\u00e9diums interview\u00e9s.<\/p>\n\n\n\n<p>Fabrice eut son exp\u00e9rience d\u2019\u00e9veil lors d\u2019une retraite de m\u00e9ditation Vipassana. Il pensa d\u2019abord qu\u2019il devenait fou. Sa structure interne vola en \u00e9clats et une immense paix joyeuse s\u2019installa. Il d\u00e9cida alors d\u2019arr\u00eater son m\u00e9tier, de monter une soci\u00e9t\u00e9 de vente de produits bio sur internet (1999), de quitter Paris pour le Sud, et de faire du trap\u00e8ze volant et du trampoline avec une troupe de cirque. Mais la Vie lui r\u00e9servait encore quelques surprises\u2026 Il se cassa le pied lors d\u2019un accident de trampoline, dut tout arr\u00eater et se soigner. Il se mit \u00e0 se former \u00e0 diff\u00e9rentes techniques de soins \u00e9nerg\u00e9tiques, \u00e0 la respiration consciente, la PNL, les m\u00e9thodes quantiques, l\u2019hypnose\u2026 Apr\u00e8s un temps d\u2019apprentissage, il devint psychoth\u00e9rapeute, superviseur et formateur en <strong><span style=\"text-decoration: underline;\">th\u00e9rapie br\u00e8ve, syst\u00e9mique et strat\u00e9gique<\/span><\/strong>. En bin\u00f4me avec <strong>Teresa Garcia Rivera<\/strong> (cr\u00e9atrice des deux \u00e9coles : CIRCE en France et IGB en Belgique), il forma des coachs, psychologues et psychiatres. Parall\u00e8lement, il suivit la voie soufie pendant plus de 15 ans.<\/p>\n\n\n\n<p>Notre rencontre fut une \u00e9vidence, un cadeau de la Vie, le d\u00e9but d\u2019une grande aventure \u00e0 deux. Nos c\u0153urs s\u2019\u00e9panouissent, tels des fleurs arros\u00e9es par l\u2019Amour et la Bienveillance r\u00e9ciproque. La relation amoureuse nous am\u00e8ne \u00e0 explorer d\u2019autres th\u00e9matiques et \u00e0 d\u00e9velopper de nouveaux outils. Toujours anim\u00e9s par notre qu\u00eate de sens et d\u2019absolu, nous transmettons joyeusement ensemble \u00e0 travers des stages que nous cr\u00e9ons. Nous proposons aussi des accompagnements individuels et interactionnels (couple, membres de la m\u00eame famille, amis, associ\u00e9s, coll\u00e8gues, etc.).<\/p>\n\n\n\n<figure class=\"wp-block-embed is-type-video is-provider-youtube wp-block-embed-youtube wp-embed-aspect-4-3 wp-has-aspect-ratio\"><div class=\"wp-block-embed__wrapper\">\n<iframe loading=\"lazy\" title=\"#2 Loan &amp; Fabrice: Au C\u0153ur de l&#039;Enchantement\" width=\"500\" height=\"375\" src=\"https:\/\/www.youtube.com\/embed\/dxMjR6pZ2_8?feature=oembed\" frameborder=\"0\" allow=\"accelerometer; autoplay; clipboard-write; encrypted-media; gyroscope; picture-in-picture; web-share\" referrerpolicy=\"strict-origin-when-cross-origin\" allowfullscreen><\/iframe>\n<\/div><\/figure>\n\n\n\n<figure class=\"wp-block-embed is-type-video is-provider-youtube wp-block-embed-youtube wp-embed-aspect-16-9 wp-has-aspect-ratio\"><div class=\"wp-block-embed__wrapper\">\n<iframe loading=\"lazy\" title=\"D\u00e9couvrez les parcours et activit\u00e9s de Loan MIEGE et de Fabrice PIERREDON !\" width=\"500\" height=\"281\" src=\"https:\/\/www.youtube.com\/embed\/4n87wDgBCfE?feature=oembed\" frameborder=\"0\" allow=\"accelerometer; autoplay; clipboard-write; encrypted-media; gyroscope; picture-in-picture; web-share\" referrerpolicy=\"strict-origin-when-cross-origin\" allowfullscreen><\/iframe>\n<\/div><\/figure>\n\n\n<p><!-- Google Tag Manager --><br \/><script>(function(w,d,s,l,i){w[l]=w[l]||[];w[l].push({'gtm.start':<br \/>\nnew Date().getTime(),event:'gtm.js'});var f=d.getElementsByTagName(s)[0],<br \/>\nj=d.createElement(s),dl=l!='dataLayer'?'&l='+l:'';j.async=true;j.src=<br \/>\n'https:\/\/www.googletagmanager.com\/gtm.js?id='+i+dl;f.parentNode.insertBefore(j,f);<br \/>\n})(window,document,'script','dataLayer','GTM-PMTRV76S');<\/script><br \/><!-- End Google Tag Manager --><\/p>\n\n\n<p><\/p>\n","protected":false},"excerpt":{"rendered":"<p>Le sentiment d\u2019\u00eatre diff\u00e9rents a marqu\u00e9 nos enfances et nous a accompagn\u00e9s tout au long de nos parcours respectifs. Une profonde qu\u00eate de sens et d\u2019absolu nous animait. N\u00e9e en 1975 dans un contexte hippie, Loan n&rsquo;a pourtant pas b\u00e9n\u00e9fici\u00e9e de l&rsquo;attention et de l&rsquo;\u00e9coute des adultes. Elle se souvenait de ses vies ant\u00e9rieures et [&hellip;]<\/p>\n","protected":false},"author":1,"featured_media":0,"parent":0,"menu_order":0,"comment_status":"closed","ping_status":"closed","template":"","meta":{"footnotes":""},"class_list":["post-356","page","type-page","status-publish","hentry"],"_links":{"self":[{"href":"https:\/\/loanetfabrice.com\/index.php\/wp-json\/wp\/v2\/pages\/356","targetHints":{"allow":["GET"]}}],"collection":[{"href":"https:\/\/loanetfabrice.com\/index.php\/wp-json\/wp\/v2\/pages"}],"about":[{"href":"https:\/\/loanetfabrice.com\/index.php\/wp-json\/wp\/v2\/types\/page"}],"author":[{"embeddable":true,"href":"https:\/\/loanetfabrice.com\/index.php\/wp-json\/wp\/v2\/users\/1"}],"replies":[{"embeddable":true,"href":"https:\/\/loanetfabrice.com\/index.php\/wp-json\/wp\/v2\/comments?post=356"}],"version-history":[{"count":32,"href":"https:\/\/loanetfabrice.com\/index.php\/wp-json\/wp\/v2\/pages\/356\/revisions"}],"predecessor-version":[{"id":1134,"href":"https:\/\/loanetfabrice.com\/index.php\/wp-json\/wp\/v2\/pages\/356\/revisions\/1134"}],"wp:attachment":[{"href":"https:\/\/loanetfabrice.com\/index.php\/wp-json\/wp\/v2\/media?parent=356"}],"curies":[{"name":"wp","href":"https:\/\/api.w.org\/{rel}","templated":true}]}}