{"id":231,"date":"2023-08-23T16:48:56","date_gmt":"2023-08-23T14:48:56","guid":{"rendered":"https:\/\/loanetfabrice.com\/?page_id=231"},"modified":"2026-03-09T13:48:59","modified_gmt":"2026-03-09T12:48:59","slug":"pratiques-de-guerison-energetiques-et-spirituelles","status":"publish","type":"page","link":"https:\/\/loanetfabrice.com\/index.php\/pratiques-de-guerison-energetiques-et-spirituelles\/","title":{"rendered":"Pratiques de gu\u00e9rison \u00e9nerg\u00e9tiques et spirituelles"},"content":{"rendered":"<!-- Google Tag Manager -->\n<script>(function(w,d,s,l,i){w[l]=w[l]||[];w[l].push({'gtm.start':\nnew Date().getTime(),event:'gtm.js'});var f=d.getElementsByTagName(s)[0],\nj=d.createElement(s),dl=l!='dataLayer'?'&l='+l:'';j.async=true;j.src=\n'https:\/\/www.googletagmanager.com\/gtm.js?id='+i+dl;f.parentNode.insertBefore(j,f);\n})(window,document,'script','dataLayer','GTM-PMTRV76S');<\/script>\n<!-- End Google Tag Manager -->\n\n<figure class=\"wp-block-image aligncenter size-full\"><img loading=\"lazy\" decoding=\"async\" width=\"409\" height=\"520\" src=\"https:\/\/loanetfabrice.com\/wp-content\/uploads\/2023\/08\/Pratiques-de-Guerison-couverture-Loan-Miege-20.jpg\" alt=\"\" class=\"wp-image-232\" srcset=\"https:\/\/loanetfabrice.com\/wp-content\/uploads\/2023\/08\/Pratiques-de-Guerison-couverture-Loan-Miege-20.jpg 409w, https:\/\/loanetfabrice.com\/wp-content\/uploads\/2023\/08\/Pratiques-de-Guerison-couverture-Loan-Miege-20-236x300.jpg 236w\" sizes=\"auto, (max-width: 409px) 100vw, 409px\" \/><\/figure>\n\n\n\n<!-- Google Tag Manager (noscript) -->\n<noscript><iframe src=\"https:\/\/www.googletagmanager.com\/ns.html?id=GTM-PMTRV76S\"\nheight=\"0\" width=\"0\" style=\"display:none;visibility:hidden\"><\/iframe><\/noscript>\n<!-- End Google Tag Manager (noscript) -->\n<p>INVITEZ LA PAIX DANS VOTRE VIE !<\/p>\n\n\n\n<p>Dans cet ouvrage pratique, que j&rsquo;ai illustr\u00e9 de magnifiques peintures, vous d\u00e9couvrirez des outils concrets, des pistes de r\u00e9flexion et de nombreux exercices pour acc\u00e9der \u00e0 de nouvelles voies d&rsquo;\u00e9panouissement, personnel et spirituel.<\/p>\n\n\n\n<figure class=\"wp-block-image aligncenter size-full\"><img loading=\"lazy\" decoding=\"async\" width=\"467\" height=\"247\" src=\"https:\/\/loanetfabrice.com\/wp-content\/uploads\/2023\/08\/Lame-recouvrement-daspects-de-lame-20.jpg\" alt=\"\" class=\"wp-image-233\" srcset=\"https:\/\/loanetfabrice.com\/wp-content\/uploads\/2023\/08\/Lame-recouvrement-daspects-de-lame-20.jpg 467w, https:\/\/loanetfabrice.com\/wp-content\/uploads\/2023\/08\/Lame-recouvrement-daspects-de-lame-20-300x159.jpg 300w\" sizes=\"auto, (max-width: 467px) 100vw, 467px\" \/><\/figure>\n\n\n\n<p>Au \u00ad fil des pages, vous serez guid\u00e9 pour faire de votre mental un alli\u00e9, explorer les blessures de votre \u00e2me et les r\u00e9parer, ma\u00eetriser vos structures \u00e9nerg\u00e9tiques, accompagner les d\u00e9funts dans l\u2019au-del\u00e0, lib\u00e9rer les entit\u00e9s perturbatrices, couper les liens toxiques, et dissoudre les m\u00e9moires. Vous apprendrez aussi \u00e0 \u00e9quilibrer votre corps physique et \u00e0 harmoniser les \u00e9nergies de votre maison. Puis, apr\u00e8s avoir acquis une v\u00e9ritable estime de vous-m\u00eame, vous serez initi\u00e9 \u00e0 \u00e9couter l\u2019\u00e9lan de votre c\u0153ur.\u00a0 Vous verrez comment dessiner votre chemin, ici r\u00e9solument dirig\u00e9 vers la Paix.<\/p>\n\n\n\n<figure class=\"wp-block-image aligncenter size-full\"><img loading=\"lazy\" decoding=\"async\" width=\"473\" height=\"607\" src=\"https:\/\/loanetfabrice.com\/wp-content\/uploads\/2023\/08\/LA-GRACE-DE-LAMOUR-scan20.jpg\" alt=\"\" class=\"wp-image-234\" style=\"aspect-ratio:4\/3;object-fit:contain\" srcset=\"https:\/\/loanetfabrice.com\/wp-content\/uploads\/2023\/08\/LA-GRACE-DE-LAMOUR-scan20.jpg 473w, https:\/\/loanetfabrice.com\/wp-content\/uploads\/2023\/08\/LA-GRACE-DE-LAMOUR-scan20-234x300.jpg 234w\" sizes=\"auto, (max-width: 473px) 100vw, 473px\" \/><\/figure>\n\n\n\n<p>Plus qu\u2019une direction, la Paix constitue l\u2019\u00e9l\u00e9ment essentiel \u00e0 toute \u00e9volution, qu\u2019il s\u2019agisse de celle d\u2019un individu ou de celle de la plan\u00e8te. Gu\u00e9rir, c\u2019est pacifier le pass\u00e9 et le pr\u00e9sent afin de donner une nouvelle chance au futur.\u00a0<\/p>\n\n\n\n<figure class=\"wp-block-embed is-type-video is-provider-youtube wp-block-embed-youtube wp-embed-aspect-16-9 wp-has-aspect-ratio\"><div class=\"wp-block-embed__wrapper\">\n<iframe loading=\"lazy\" title=\"Pratiques de gu\u00e9rison \u00e9nerg\u00e9tiques et spirituelles par Loan Mi\u00e8ge\" width=\"500\" height=\"281\" src=\"https:\/\/www.youtube.com\/embed\/M-Qh6vP5CHw?feature=oembed\" frameborder=\"0\" allow=\"accelerometer; autoplay; clipboard-write; encrypted-media; gyroscope; picture-in-picture; web-share\" referrerpolicy=\"strict-origin-when-cross-origin\" allowfullscreen><\/iframe>\n<\/div><\/figure>\n\n\n\n<p>Vid\u00e9os et articles de presse sur le site de mon \u00e9diteur Exergue\/Tr\u00e9daniel :\u00a0<a rel=\"noreferrer noopener\" href=\"https:\/\/www.editions-tredaniel.com\/pratiques-de-guerison-energetiques-et-spirituelles-p-8914.html\" target=\"_blank\"><strong>ICI<\/strong><\/a>\u00a0!\u00a0<\/p>\n\n\n\n<p>Pour le commander directement chez l&rsquo;\u00e9diteur :<a rel=\"noreferrer noopener\" href=\"https:\/\/www.editions-tredaniel.com\/pratiques-de-guerison-energetiques-et-spirituelles-p-8914.html\" target=\"_blank\">\u00a0<\/a><strong><a rel=\"noreferrer noopener\" href=\"https:\/\/www.editions-tredaniel.com\/pratiques-de-guerison-energetiques-et-spirituelles-p-8914.html\" target=\"_blank\"><u>ICI<\/u><\/a>\u00a0<\/strong>!\u00a0<\/p>\n\n\n\n<p>\u200b<\/p>\n","protected":false},"excerpt":{"rendered":"<p>INVITEZ LA PAIX DANS VOTRE VIE ! Dans cet ouvrage pratique, que j&rsquo;ai illustr\u00e9 de magnifiques peintures, vous d\u00e9couvrirez des outils concrets, des pistes de r\u00e9flexion et de nombreux exercices pour acc\u00e9der \u00e0 de nouvelles voies d&rsquo;\u00e9panouissement, personnel et spirituel. Au \u00ad fil des pages, vous serez guid\u00e9 pour faire de votre mental un alli\u00e9, [&hellip;]<\/p>\n","protected":false},"author":1,"featured_media":0,"parent":0,"menu_order":0,"comment_status":"closed","ping_status":"closed","template":"","meta":{"footnotes":""},"class_list":["post-231","page","type-page","status-publish","hentry"],"_links":{"self":[{"href":"https:\/\/loanetfabrice.com\/index.php\/wp-json\/wp\/v2\/pages\/231","targetHints":{"allow":["GET"]}}],"collection":[{"href":"https:\/\/loanetfabrice.com\/index.php\/wp-json\/wp\/v2\/pages"}],"about":[{"href":"https:\/\/loanetfabrice.com\/index.php\/wp-json\/wp\/v2\/types\/page"}],"author":[{"embeddable":true,"href":"https:\/\/loanetfabrice.com\/index.php\/wp-json\/wp\/v2\/users\/1"}],"replies":[{"embeddable":true,"href":"https:\/\/loanetfabrice.com\/index.php\/wp-json\/wp\/v2\/comments?post=231"}],"version-history":[{"count":3,"href":"https:\/\/loanetfabrice.com\/index.php\/wp-json\/wp\/v2\/pages\/231\/revisions"}],"predecessor-version":[{"id":933,"href":"https:\/\/loanetfabrice.com\/index.php\/wp-json\/wp\/v2\/pages\/231\/revisions\/933"}],"wp:attachment":[{"href":"https:\/\/loanetfabrice.com\/index.php\/wp-json\/wp\/v2\/media?parent=231"}],"curies":[{"name":"wp","href":"https:\/\/api.w.org\/{rel}","templated":true}]}}